{"id":64,"date":"2026-02-21T19:10:40","date_gmt":"2026-02-21T19:10:40","guid":{"rendered":"https:\/\/aodbkt.com\/?page_id=64"},"modified":"2026-02-26T19:28:30","modified_gmt":"2026-02-27T00:28:30","slug":"otros-servicios","status":"publish","type":"page","link":"https:\/\/aodbkt.com\/inicio\/otros-servicios\/","title":{"rendered":"Otros Servicios"},"content":{"rendered":"\n<p><mark style=\"background-color:rgba(0, 0, 0, 0)\" class=\"has-inline-color has-vivid-red-color\">Como complemento de nuestros Servicios de Control Administrativo, y a sabiendas de que todo inicio representa  un reto y requiere una gran cantidad de trabajo y tiempo que usted necesita para dedicarle a su actividad productiva, queremos ofrecerle los siguientes Servicios adicionales:<\/mark><\/p>\n\n\n\n<ul class=\"wp-block-list\">\n<li><mark style=\"background-color:rgba(0, 0, 0, 0)\" class=\"has-inline-color has-vivid-red-color\">Dise\u00f1o de Logotipos para su Negocio o Empresa: $50.<\/mark> <mark style=\"background-color:rgba(0, 0, 0, 0)\" class=\"has-inline-color has-vivid-red-color\">Incluye entrega de 2 opciones para su selecci\u00f3n y posterior entrega de Logo definitivo (en forma digital tipo PNG transparente) para su utilizaci\u00f3n en sus Tarjetas, Publicidades, Veh\u00edculos, etc.<\/mark><\/li>\n\n\n\n<li><mark style=\"background-color:rgba(0, 0, 0, 0)\" class=\"has-inline-color has-vivid-red-color\">Dise\u00f1o de Foto-clips publicitarios para promoci\u00f3n en Redes Sociales: $30. Incluye entrega de 2 opciones para su selecci\u00f3n y posterior entrega de Foto-clip definitivo (en forma digital tipo JPEG) para su publicaci\u00f3n en Redes Sociales u otros medios.<\/mark><\/li>\n\n\n\n<li><mark style=\"background-color:rgba(0, 0, 0, 0)\" class=\"has-inline-color has-vivid-red-color\">Dise\u00f1o de Video-Clips cortos (tipo Flash, 10-15 segundos) para publicaciones en Redes Sociales: $50. Incluye entrega de 1 versi\u00f3n para su aprobaci\u00f3n o comentarios, y la posterior entrega de Video-clip definitivo (en formato MP4) para su publicaci\u00f3n en Redes Sociales u otros medios.<\/mark><\/li>\n\n\n\n<li><mark style=\"background-color:rgba(0, 0, 0, 0)\" class=\"has-inline-color has-vivid-red-color\">Elaboraci\u00f3n de Videos Comerciales o Publicitarios de m\u00e1s duraci\u00f3n con precios desde $80 y a convenir de acuerdo al contenido y extensi\u00f3n.<\/mark><\/li>\n\n\n\n<li><mark style=\"background-color:rgba(0, 0, 0, 0)\" class=\"has-inline-color has-vivid-red-color\">Dise\u00f1o e Instalaci\u00f3n de P\u00e1ginas Comerciales de Facebook (u otras Redes Sociales) y P\u00e1ginas Web: precios (desde $80 y $300, respectivamente) y a convenir, de acuerdo a sus requerimientos.<\/mark><\/li>\n<\/ul>\n\n\n\n<p><\/p>\n","protected":false},"excerpt":{"rendered":"<p>Como complemento de nuestros Servicios de Control Administrativo, y a sabiendas de que todo inicio representa un reto y requiere una gran cantidad de trabajo y tiempo que usted necesita para dedicarle a su actividad productiva, queremos ofrecerle los siguientes Servicios adicionales:<\/p>\n","protected":false},"author":1,"featured_media":0,"parent":0,"menu_order":0,"comment_status":"closed","ping_status":"closed","template":"","meta":{"footnotes":""},"class_list":["post-64","page","type-page","status-publish","hentry"],"_hostinger_reach_plugin_has_subscription_block":false,"_hostinger_reach_plugin_is_elementor":false,"_links":{"self":[{"href":"https:\/\/aodbkt.com\/inicio\/wp-json\/wp\/v2\/pages\/64","targetHints":{"allow":["GET"]}}],"collection":[{"href":"https:\/\/aodbkt.com\/inicio\/wp-json\/wp\/v2\/pages"}],"about":[{"href":"https:\/\/aodbkt.com\/inicio\/wp-json\/wp\/v2\/types\/page"}],"author":[{"embeddable":true,"href":"https:\/\/aodbkt.com\/inicio\/wp-json\/wp\/v2\/users\/1"}],"replies":[{"embeddable":true,"href":"https:\/\/aodbkt.com\/inicio\/wp-json\/wp\/v2\/comments?post=64"}],"version-history":[{"count":2,"href":"https:\/\/aodbkt.com\/inicio\/wp-json\/wp\/v2\/pages\/64\/revisions"}],"predecessor-version":[{"id":242,"href":"https:\/\/aodbkt.com\/inicio\/wp-json\/wp\/v2\/pages\/64\/revisions\/242"}],"wp:attachment":[{"href":"https:\/\/aodbkt.com\/inicio\/wp-json\/wp\/v2\/media?parent=64"}],"curies":[{"name":"wp","href":"https:\/\/api.w.org\/{rel}","templated":true}]}}