{"id":63,"date":"2026-02-21T19:10:40","date_gmt":"2026-02-21T19:10:40","guid":{"rendered":"https:\/\/aodbkt.com\/?page_id=63"},"modified":"2026-02-27T18:16:11","modified_gmt":"2026-02-27T23:16:11","slug":"como-contactarnos","status":"publish","type":"page","link":"https:\/\/aodbkt.com\/inicio\/como-contactarnos\/","title":{"rendered":"C\u00f3mo contactarnos"},"content":{"rendered":"\n<p><mark style=\"background-color:rgba(0, 0, 0, 0)\" class=\"has-inline-color has-vivid-red-color\">En esta P\u00e1gina encontrar\u00e1 todas las formas posibles de Contactarnos. Por favor, \u00a1<strong>NO<\/strong> se quede con dudas sin aclarar!, siempre estaremos agradados de brindarle toda la informaci\u00f3n que pueda requerir. <\/mark><\/p>\n\n\n<div class=\"forminator-ui forminator-custom-form forminator-custom-form-244 forminator-design--default  forminator_ajax\" data-forminator-render=\"0\" data-form=\"forminator-module-244\" data-uid=\"69dcb8ee7f02d\"><br\/><\/div><form\n\t\t\t\tid=\"forminator-module-244\"\n\t\t\t\tclass=\"forminator-ui forminator-custom-form forminator-custom-form-244 forminator-design--default  forminator_ajax\"\n\t\t\t\tmethod=\"post\"\n\t\t\t\tdata-forminator-render=\"0\"\n\t\t\t\tdata-form-id=\"244\"\n\t\t\t\t data-color-option=\"theme\" data-design=\"default\" data-grid=\"open\" style=\"display: none;\"\n\t\t\t\tdata-uid=\"69dcb8ee7f02d\"\n\t\t\t><div role=\"alert\" aria-live=\"polite\" class=\"forminator-response-message forminator-error\" aria-hidden=\"true\"><\/div><div class=\"forminator-row\"><div id=\"name-1\" class=\"forminator-field-name forminator-col forminator-col-12 \"><div class=\"forminator-field\"><label for=\"forminator-field-name-1_69dcb8ee7f02d\" id=\"forminator-field-name-1_69dcb8ee7f02d-label\" class=\"forminator-label\">Nombre Completo <span class=\"forminator-required\">*<\/span><\/label><input type=\"text\" name=\"name-1\" value=\"\" placeholder=\"\" id=\"forminator-field-name-1_69dcb8ee7f02d\" class=\"forminator-input forminator-name--field\" aria-required=\"true\" autocomplete=\"name\" \/><\/div><\/div><\/div><div class=\"forminator-row\"><div id=\"email-1\" class=\"forminator-field-email forminator-col forminator-col-12 \"><div class=\"forminator-field\"><label for=\"forminator-field-email-1_69dcb8ee7f02d\" id=\"forminator-field-email-1_69dcb8ee7f02d-label\" class=\"forminator-label\">Direcci\u00f3n de correo electr\u00f3nico <span class=\"forminator-required\">*<\/span><\/label><input type=\"email\" name=\"email-1\" value=\"\" placeholder=\"\" id=\"forminator-field-email-1_69dcb8ee7f02d\" class=\"forminator-input forminator-email--field\" data-required=\"true\" aria-required=\"true\" autocomplete=\"email\" \/><\/div><\/div><\/div><div class=\"forminator-row\"><div id=\"phone-1\" class=\"forminator-field-phone forminator-col forminator-col-12 \"><div class=\"forminator-field\"><label for=\"forminator-field-phone-1_69dcb8ee7f02d\" id=\"forminator-field-phone-1_69dcb8ee7f02d-label\" class=\"forminator-label\">N\u00famero de tel\u00e9fono<\/label><input type=\"text\" name=\"phone-1\" value=\"\" placeholder=\"\" id=\"forminator-field-phone-1_69dcb8ee7f02d\" class=\"forminator-input forminator-field--phone\" data-required=\"\" aria-required=\"false\" autocomplete=\"off\" \/><\/div><\/div><\/div><div class=\"forminator-row\"><div id=\"radio-1\" class=\"forminator-field-radio forminator-col forminator-col-12 \"><div role=\"radiogroup\" class=\"forminator-field\" aria-labelledby=\"forminator-radiogroup-radio-1-69dcb8ee7f02d-label\" aria-describedby=\"forminator-radiogroup-radio-1-69dcb8ee7f02d-description\"><span id=\"forminator-radiogroup-radio-1-69dcb8ee7f02d-label\" class=\"forminator-label\">Asunto <span class=\"forminator-required\">*<\/span><\/span><span id=\"forminator-radiogroup-radio-1-69dcb8ee7f02d-description\" class=\"forminator-description\">Seleccione una opci\u00f3n<\/span><label id=\"forminator-field-radio-1-label-1\" for=\"forminator-field-radio-1-1-69dcb8ee7f02d\" class=\"forminator-radio\" title=\"Solicitud de Servicios\"><input type=\"radio\" name=\"radio-1\" value=\"one\" id=\"forminator-field-radio-1-1-69dcb8ee7f02d\" aria-labelledby=\"forminator-field-radio-1-label-1\" data-calculation=\"0\"   data-hidden-behavior=\"zero\" aria-describedby=\"forminator-field-radio-1-69dcb8ee7f02d-description\"\/><span class=\"forminator-radio-bullet\" aria-hidden=\"true\"><\/span><span class=\"forminator-radio-label\">Solicitud de Servicios<\/span><\/label><label id=\"forminator-field-radio-1-label-2\" for=\"forminator-field-radio-1-2-69dcb8ee7f02d\" class=\"forminator-radio\" title=\"Solicitud de Presupuesto\"><input type=\"radio\" name=\"radio-1\" value=\"two\" id=\"forminator-field-radio-1-2-69dcb8ee7f02d\" aria-labelledby=\"forminator-field-radio-1-label-2\" data-calculation=\"0\"   data-hidden-behavior=\"zero\" aria-describedby=\"forminator-field-radio-1-69dcb8ee7f02d-description\"\/><span class=\"forminator-radio-bullet\" aria-hidden=\"true\"><\/span><span class=\"forminator-radio-label\">Solicitud de Presupuesto<\/span><\/label><label id=\"forminator-field-radio-1-label-3\" for=\"forminator-field-radio-1-3-69dcb8ee7f02d\" class=\"forminator-radio\" title=\"Solicitud de Documentos\"><input type=\"radio\" name=\"radio-1\" value=\"Solicitud-de-Documentos\" id=\"forminator-field-radio-1-3-69dcb8ee7f02d\" aria-labelledby=\"forminator-field-radio-1-label-3\" data-calculation=\"0\"   data-hidden-behavior=\"zero\" aria-describedby=\"forminator-field-radio-1-69dcb8ee7f02d-description\"\/><span class=\"forminator-radio-bullet\" aria-hidden=\"true\"><\/span><span class=\"forminator-radio-label\">Solicitud de Documentos<\/span><\/label><label id=\"forminator-field-radio-1-label-4\" for=\"forminator-field-radio-1-4-69dcb8ee7f02d\" class=\"forminator-radio\" title=\"Preguntas Generales\"><input type=\"radio\" name=\"radio-1\" value=\"Preguntas-Generales\" id=\"forminator-field-radio-1-4-69dcb8ee7f02d\" aria-labelledby=\"forminator-field-radio-1-label-4\" data-calculation=\"0\"   data-hidden-behavior=\"zero\" aria-describedby=\"forminator-field-radio-1-69dcb8ee7f02d-description\"\/><span class=\"forminator-radio-bullet\" aria-hidden=\"true\"><\/span><span class=\"forminator-radio-label\">Preguntas Generales<\/span><\/label><label id=\"forminator-field-radio-1-label-5\" for=\"forminator-field-radio-1-5-69dcb8ee7f02d\" class=\"forminator-radio\" title=\"Comentario o Reclamo\"><input type=\"radio\" name=\"radio-1\" value=\"Comentario-o-Reclamo\" id=\"forminator-field-radio-1-5-69dcb8ee7f02d\" aria-labelledby=\"forminator-field-radio-1-label-5\" data-calculation=\"0\"   data-hidden-behavior=\"zero\" aria-describedby=\"forminator-field-radio-1-69dcb8ee7f02d-description\"\/><span class=\"forminator-radio-bullet\" aria-hidden=\"true\"><\/span><span class=\"forminator-radio-label\">Comentario o Reclamo<\/span><\/label><label id=\"forminator-field-radio-1-label-6\" for=\"forminator-field-radio-1-6-69dcb8ee7f02d\" class=\"forminator-radio\" title=\"Otros Asuntos\"><input type=\"radio\" name=\"radio-1\" value=\"Otros-Asuntos\" id=\"forminator-field-radio-1-6-69dcb8ee7f02d\" aria-labelledby=\"forminator-field-radio-1-label-6\" data-calculation=\"0\"   data-hidden-behavior=\"zero\" aria-describedby=\"forminator-field-radio-1-69dcb8ee7f02d-description\"\/><span class=\"forminator-radio-bullet\" aria-hidden=\"true\"><\/span><span class=\"forminator-radio-label\">Otros Asuntos<\/span><\/label><\/div><\/div><\/div><div class=\"forminator-row\"><div id=\"textarea-1\" class=\"forminator-field-textarea forminator-col forminator-col-12 \"><div class=\"forminator-field\"><label for=\"forminator-field-textarea-1_69dcb8ee7f02d\" id=\"forminator-field-textarea-1_69dcb8ee7f02d-label\" class=\"forminator-label\">Mensaje <span class=\"forminator-required\">*<\/span><\/label><span id=\"forminator-field-textarea-1_69dcb8ee7f02d-description\" class=\"forminator-description\"><span data-limit=\"180\" data-type=\"characters\" data-editor=\"\">0 \/ 180<\/span><\/span><textarea name=\"textarea-1\" placeholder=\"\" id=\"forminator-field-textarea-1_69dcb8ee7f02d\" class=\"forminator-textarea\" rows=\"6\" style=\"min-height:140px;\" maxlength=\"180\" ><\/textarea><\/div><\/div><\/div><input type=\"hidden\" name=\"referer_url\" value=\"\" \/><div class=\"forminator-row forminator-row-last\"><div class=\"forminator-col\"><div class=\"forminator-field\"><button class=\"forminator-button forminator-button-submit\">Enviar<\/button><\/div><\/div><\/div><input type=\"hidden\" id=\"forminator_nonce\" name=\"forminator_nonce\" value=\"33af334688\" \/><input type=\"hidden\" name=\"_wp_http_referer\" value=\"\/inicio\/wp-json\/wp\/v2\/pages\/63\" \/><input type=\"hidden\" name=\"form_id\" value=\"244\"><input type=\"hidden\" name=\"page_id\" value=\"63\"><input type=\"hidden\" name=\"form_type\" value=\"default\"><input type=\"hidden\" name=\"current_url\" value=\"https:\/\/aodbkt.com\/inicio\/como-contactarnos\/\"><input type=\"hidden\" name=\"render_id\" value=\"0\"><input type=\"hidden\" name=\"action\" value=\"forminator_submit_form_custom-forms\"><\/form>\n\n\n\n<p><strong><mark style=\"background-color:rgba(0, 0, 0, 0)\" class=\"has-inline-color has-vivid-red-color\">E-mail: aotanod@aodbkt.com<\/mark><\/strong><\/p>\n\n\n\n<p><strong><mark style=\"background-color:rgba(0, 0, 0, 0)\" class=\"has-inline-color has-vivid-red-color\">Tel\u00e9fono y Mensajes de Texto: 786-372 0580<\/mark><\/strong> <\/p>\n\n\n\n<p><strong><mark style=\"background-color:rgba(0, 0, 0, 0)\" class=\"has-inline-color has-vivid-red-color\">P\u00e1gina de Facebook: <\/mark><\/strong><a href=\"https:\/\/www.facebook.com\/profile.php?id=61586968839122\" target=\"_blank\" rel=\"noreferrer noopener\"><mark style=\"background-color:rgba(0, 0, 0, 0)\" class=\"has-inline-color has-vivid-cyan-blue-color\">AOD Bookkeeping &amp; Taxes<\/mark><\/a><\/p>\n","protected":false},"excerpt":{"rendered":"<p>En esta P\u00e1gina encontrar\u00e1 todas las formas posibles de Contactarnos. Por favor, \u00a1NO se quede con dudas sin aclarar!, siempre estaremos agradados de brindarle toda la informaci\u00f3n que pueda requerir. E-mail: aotanod@aodbkt.com Tel\u00e9fono y Mensajes de Texto: 786-372 0580 P\u00e1gina de Facebook: AOD Bookkeeping &amp; Taxes<\/p>\n","protected":false},"author":1,"featured_media":0,"parent":0,"menu_order":0,"comment_status":"closed","ping_status":"closed","template":"","meta":{"footnotes":""},"class_list":["post-63","page","type-page","status-publish","hentry"],"_hostinger_reach_plugin_has_subscription_block":false,"_hostinger_reach_plugin_is_elementor":false,"_links":{"self":[{"href":"https:\/\/aodbkt.com\/inicio\/wp-json\/wp\/v2\/pages\/63","targetHints":{"allow":["GET"]}}],"collection":[{"href":"https:\/\/aodbkt.com\/inicio\/wp-json\/wp\/v2\/pages"}],"about":[{"href":"https:\/\/aodbkt.com\/inicio\/wp-json\/wp\/v2\/types\/page"}],"author":[{"embeddable":true,"href":"https:\/\/aodbkt.com\/inicio\/wp-json\/wp\/v2\/users\/1"}],"replies":[{"embeddable":true,"href":"https:\/\/aodbkt.com\/inicio\/wp-json\/wp\/v2\/comments?post=63"}],"version-history":[{"count":6,"href":"https:\/\/aodbkt.com\/inicio\/wp-json\/wp\/v2\/pages\/63\/revisions"}],"predecessor-version":[{"id":251,"href":"https:\/\/aodbkt.com\/inicio\/wp-json\/wp\/v2\/pages\/63\/revisions\/251"}],"wp:attachment":[{"href":"https:\/\/aodbkt.com\/inicio\/wp-json\/wp\/v2\/media?parent=63"}],"curies":[{"name":"wp","href":"https:\/\/api.w.org\/{rel}","templated":true}]}}